(o).
-9
Let x(k) = 3*k**3 - 3*k**2 + 3. Suppose 0 = 31*o + 1505 - 1567. Calculate x(o).
15
Let v(f) be the third derivative of f**4/24 - f**3/2 - 264*f**2. Suppose -4*y + 37 = y + 2*w, 4*w = 4. Suppose 10 = y*d - 6*d. Give v(d).
7
Let j(c) = -467*c - 421*c + 899*c + 94. Determine j(-10).
-16
Suppose 3*r + 12979 = 12946. Let p(c) = -c**2 - 25*c - 155. What is p(r)?
-1
Suppose a = -j - 10, a + 4*j + 14 = 2*j. Let k(i) be the second derivative of -15*i + 0 + 3*i**2 + 7/12*i**4 + 1/20*i**5 + 7/6*i**3. Give k(a).
0
Let g(y) = 4*y + 1. Suppose -3*q = -0*p - 5*p + 25, 5*p = 5*q + 25. Let o(i) = -i**2 - 4*i - 2. Let j be o(q). Determine g(j).
-7
Let k be (-20 + 20)*(2/4 - 1). Let g(l) be the third derivative of -l**4/24 - 13*l**3/3 + 432*l**2. What is g(k)?
-26
Let a(d) be the second derivative of -d + 1/6*d**3 - 1/2*d**2 - 37. Suppose -x + 3 - 9 = 0. Determine a(x).
-7
Let b(r) = -5*r + 54. Let h be b(6). Let o(k) = -4*k**2 + 6 - h + 17 - k**3. Calculate o(-5).
24
Let v = 87 - 71. Let n be 6/(-9) + v/6. Suppose -4*i = -n*i - 12. Let z(l) = -2*l - 2. Calculate z(i).
-14
Let a(s) = 25*s - s**2 - 87*s - 16 + 48*s. Calculate a(-12).
8
Let h(y) = 9*y. Let v(u) = -5*u - 1. Let j(g) = -2*h(g) + 3*v(g). What is j(2)?
-69
Suppose 6 + 2 = -2*d. Let i(z) be the first derivative of -2*z - 20 + 1/3*z**3 + 1/2*z**2. Calculate i(d).
10
Suppose -5*o + 15 = -4*p, -5*p + 106 = -2*o + 78. Let f(k) = k + 1. Let w(l) = -2*l + 2. Let v(c) = -6*f(c) - 2*w(c). Give v(p).
-30
Let b(y) = -2*y**2 - 4*y + 11. Let v(m) = -m**3 - 55*m**2 - 2*m - 114. Let x be v(-55). Give b(x).
-5
Let y(k) = k**3 + 9*k**2 + 2*k + 1. Let m(w) = -2*w**3 - 24*w**2 - 22*w - 9. Let j be m(-11). What is y(j)?
-17
Let a = -8 - -11. Let t(v) = 47*v**a - 48*v**3 + 1 - 3 - 7*v**2 - 4. Calculate t(-7).
-6
Let y(j) = j**2 - 8. Let q = 150 - 105. Let s = q + -57. Let f be (-6)/(-9) + 8/s. Calculate y(f).
-8
Suppose -4*k - q + 41 = -4*q, -4*k = -2*q - 46. Suppose v - k + 6 = 0. Let s(w) be the third derivative of w**4/24 - w**3/3 + w**2. What is s(v)?
6
Let m = -3169 - -3171. Let v(y) be the second derivative of -10*y + 1/2*y**m + 1/3*y**3 + 0. What is v(-7)?
-13
Let s(w) be the third derivative of w**4/2 - w**3 - 2*w**2 + 118. Give s(-3).
-42
Suppose -2*p + 3*p - 2 = 0. Let h(s) = -9*s**3 - s**2 - 2*s - 4. Let z(t) = 16*t**3 + 2*t**2 + 4*t + 7. Let r(j) = -11*h(j) - 6*z(j). What is r(p)?
18
Let j(b) = 2*b + b - b**2 - 2*b**2 - b**3 - 2. Let c be (-6)/(12/(-66) - (-407)/(-484)*-2). Calculate j(c).
2
Let x(t) = -t**2 - 1 + 6*t + t - 7. Suppose -o = 4*o - 20. Let f be ((-21)/(-6))/((-2)/o*-1). Determine x(f).
-8
Let b(s) = 14*s + 6. Let v be 18/(-15)*30/(-9). Suppose l = -v - 1. Let q(j) = -7*j - 3. Let g(h) = l*q(h) - 2*b(h). Calculate g(-2).
-11
Suppose -2*g + 26 = 5*y, 2*y - g - 807 + 802 = 0. Let q(v) be the third derivative of v**5/60 + v**4/24 + 3*v**2. What is q(y)?
20
Let q(n) = 1597 - 3*n**3 - 5*n**3 + 30*n**2 - 1581 + 9*n**3. Calculate q(-30).
16
Let m(u) = 4*u - 1. Suppose 10 - 15 = -3*q - 20. Determine m(q).
-21
Let v(o) = 2*o**2 - 24*o - 11. Let f be -2 + 31 - (-1 + 17). What is v(f)?
15
Let d(c) = -4*c + 1. Let x be 2*2/(-16)*(-3 - 1). Let n be (8 - x)*((-15)/(-7) - 3). Let g(v) = 3*v - 1. Let r(s) = n*g(s) - 5*d(s). Calculate r(2).
5
Let r = 1/2501 - -2499/5002. Let h(z) be the first derivative of -r*z**2 + 4*z - 16. Give h(0).
4
Let g(n) = n**3 + 81*n - 9*n**2 - 5 - 74*n + 0*n**2. Suppose 0 = -7*b - 1069 + 1125. Determine g(b).
-13
Let s = 52 + -55. Let n = -10 - s. Let p(h) = 4*h**2 - 14*h - 11. Let x(y) = y**2 - 5*y - 4. Let r(d) = n*x(d) + 2*p(d). Determine r(-6).
0
Let l(p) = 9*p - 10*p - 11 - 121 - 14*p - 26. Determine l(-11).
7
Suppose 0 = -21*q + 137*q + 2427 + 125. Let k(u) = -u**2 - 16*u + 140. What is k(q)?
8
Let h(y) = -135*y - 134*y + 395*y - 116*y - 30 + 2*y**2. Determine h(-6).
-18
Let l(m) = 11*m**2 + 16*m + 48. Let b(k) = 13*k**2 + 18*k + 54. Let q(u) = -6*b(u) + 7*l(u). Determine q(5).
7
Let p(a) = -a**2 + 10*a + 15. Suppose 2 = -6*k + 116. Suppose 55 = -k*s + 24*s. Calculate p(s).
4
Let j(b) = 32*b + 33*b - 3 + 24*b - 93*b. Let m be (-4 - -2)/(-2)*-5. What is j(m)?
17
Let b(t) = -5*t**2 + 2*t + 1. Suppose y = -l - 16, 4*y + l + 16 = -54. Let x be (y/5)/((-16)/(-40)). Let c be 7/x + (-8)/36. What is b(c)?
-6
Let d(p) = 107*p - 45*p - 10 - 51*p. Let a(m) = 13*m - 11. Let l(b) = 5*a(b) - 6*d(b). Suppose 0*t - 12 = 3*t. What is l(t)?
9
Let p(h) = 535*h + 4*h**2 - 269*h - 7 - 2*h**2 - 259*h. Give p(-7).
42
Let d(r) be the third derivative of -19*r**4/24 + 5*r**3/3 - 112*r**2 + 3. Calculate d(5).
-85
Let n = 299 + -246. Suppose -n*i - 23 = -76*i. Let d(w) = 7*w + 2. What is d(i)?
9
Let o be (-16)/(-5) - 609/145. Let s(u) = 24*u - 8. Determine s(o).
-32
Let a = -114 - -118. Let s(l) = -l**2 - 3*l + 23. Let o be s(a). Let g(x) = 2*x + 12. What is g(o)?
2
Let z(f) = 33 - 121*f**3 - 156*f**2 + 120*f**3 - 19*f + 175*f**2. What is z(18)?
15
Let z(v) = v + 59. Let q be z(-57). Let b be -9 + 7 + q/((-2)/(-3)). Let m(o) = 3*o**3 - o**2 + o. What is m(b)?
3
Let n = -31 + 31. Suppose 8*g - g = n. Let l(t) = t**3 - t**2 - t - 19. What is l(g)?
-19
Let b(l) = -8*l**3 - 29*l**2 + 30 + 11 + 4*l**3 - 35*l + 61*l + 5*l**3. What is b(28)?
-15
Let s(l) be the second derivative of 0 + 1/6*l**3 + 4*l**2 - 45*l. Determine s(-8).
0
Let o(a) be the first derivative of -4*a - 9/2*a**2 - 1/3*a**3 - 322. Let n(c) = c**3 + 3*c**2 + 2*c - 3. Let r be n(-3). Determine o(r).
-4
Let k be (-2)/(8/168*-2). Let f(b) = -7*b - b**2 + 6*b - k*b**3 + b + 4 + 20*b**3. Let r be 0/(2 - (1 - 0)). Give f(r).
4
Suppose 894 = 137*u + 1168. Let l(j) = -3*j**2 + 5*j + 10. Give l(u).
-12
Let z be (35 - 32)*1/(-27) + 236/18. Let h(i) = 15*i - 182. Calculate h(z).
13
Let p(t) = t**3 - 36*t**2 - 35*t - 73. Let s be p(37). Let z(i) = 43*i**3 - s + 38*i**3 - i**2 - 2*i + 75*i**3 - 194*i**3. Determine z(-1).
38
Let n = 1846 - 1845. Let x(g) = -33*g - 4. What is x(n)?
-37
Let y = 41 + -35. Let p(c) = y*c + c - 1 - 12*c. Give p(1).
-6
Let t(q) = -32*q + 3. Let n(w) = 20*w - 3. Let p(r) = -5*n(r) - 3*t(r). Suppose 0 = -3*s - 0*z - 2*z + 11, 0 = -5*s - z + 23. What is p(s)?
-14
Let m(b) = b**2 + b. Let s(g) = g**3 - 9*g**2 + 4*g + 1. Let x(n) = -3*m(n) + s(n). What is x(12)?
13
Let y(u) = -6*u - 15. Let h = -1951 - -1947. Determine y(h).
9
Let n = -48 + 51. Suppose 2*o - n = -i + 2, -i + 13 = 4*o. Suppose 0*s = o*s - 16. Let x(d) = d**2 - 8*d + 4. What is x(s)?
-12
Let g(i) = -329*i + 311. Let v(d) = 109*d - 81. Let t(w) = -6*g(w) - 17*v(w). Determine t(4).
-5
Suppose 3*l - 74 + 56 = 0. Let q(i) = -21*i + 117. Let w be q(l). Let x(v) = 4*v + 8 - 2*v - v. Calculate x(w).
-1
Suppose 2*k - 2*c - 14 = 0, 2*c = 134*k - 138*k + 16. Let p(y) be the second derivative of y**4/12 - y**3/3 - y**2/2 + 11*y. Calculate p(k).
14
Let i(o) = o**2 + 6*o - 4. Let a be 2/(3/54*4). Let y = -13 + a. Let m be 15/(-2)*y/(-5)*1. Calculate i(m).
-4
Let u(w) = -2*w**2 - 6*w + 60. Let m be u(4). Let y(s) be the second derivative of -3*s**2 - m*s - 5/12*s**4 + 0 - 1/6*s**3 + 1/20*s**5. Give y(5).
-11
Let l(q) = -15*q + 77. Suppose 3*h - 10 = 5*d, -1265 + 1263 = -2*d. Determine l(h).
2
Let r(k) = -8*k**3 + 368 + 15*k - 346 + 10*k**3 + 12*k**2. Determine r(-5).
-3
Suppose 12 = -4*u - m, -5*m = -2*u - 4 - 2. Let x(n) be the third derivative of -n**4/24 - n**3/2 - 747*n**2 + 2. Determine x(u).
0
Let y(w) = -w**3 - 16*w**2 + 14*w - 18. Suppose 0 = -f - 2*z - 11, 59*z = 3*f + 62*z + 42. Determine y(f).
33
Let m(y) be the second derivative of 3*y**5/20 + y**4/12 + y**3/6 - 3*y**2 - 3*y - 9. Let o be m(0). Let i(l) = 5*l + 8. What is i(o)?
-22
Let h(a) = -a**3 + 4*a**2 + 4*a - 3. Let b = 2706 + -2700. Calculate h(b).
-51
Let i(k) = -1506*k + 2970*k - 1474*k - k**2 - 5. Give i(-7).
16
Let h be 3 + 30 - 9*2/6. Let y be (4/(-2))/(-5 + 4). Suppose y*x + 4*j = 6*x, -2*j + h = 4*x. Let k(p) = -p**2 + 6*p - 2. What is k(x)?
3
Let x(m) be the first derivative of m**2/2 + 58. Let p(t) = -t - 3. Let a(j) = p(j) + 2*x(j). What is a(-1)?
-4
Suppose -456 = 3*c + 5*a, 0*c + 3*c + 456 = -2*a. Let v = -95 - c. Let z = -64 + v. Let y(f) = -f + 3. Determine y(z).
10
Let p(s) = -5*s**3 - 5*s**2 + 9*s + 2. Let k(r) = 11*r**3 + 10*r**2 - 19*r - 4. Let h(d) = 6*k(d) + 13*p(d). Let t = -399 + 189